75.188.71.141 - - [08/Dec/2022:16:41:47 -0800] "POST /home/wp-admin/admin-ajax.php HTTP/1.1" 200 104 "https://emeryjordan.com/home/wp-admin/admin.php?page=w3tc_general" "Mozilla/5.0 (Macintosh; Intel Mac OS X 10_15_7) AppleWebKit/605.1.15 (KHTML, like Gecko) Version/16.1 Safari/605.1.15" "emeryjordan.com"
10.247.24.82 - - [08/Dec/2022:16:41:52 -0800] "POST /home/wp-cron.php?doing_wp_cron=1670546512.7248389720916748046875 HTTP/1.1" 200 - "https://emeryjordan.com/home/wp-cron.php?doing_wp_cron=1670546512.7248389720916748046875" "WordPress/6.1.1; https://emeryjordan.com/home" "emeryjordan.com"
75.188.71.141 - - [08/Dec/2022:17:04:47 -0800] "POST /home/wp-admin/admin-ajax.php HTTP/1.1" 200 47 "https://emeryjordan.com/home/wp-admin/admin.php?page=w3tc_general" "Mozilla/5.0 (Macintosh; Intel Mac OS X 10_15_7) AppleWebKit/605.1.15 (KHTML, like Gecko) Version/16.1 Safari/605.1.15" "emeryjordan.com"
51.222.253.6 - - [08/Dec/2022:17:06:20 -0800] "GET /ytb/?C=M;O=D HTTP/1.1" 200 308 "-" "Mozilla/5.0 (compatible; AhrefsBot/7.0; +http://ahrefs.com/robot/)" "emeryjordan.com"
75.188.71.141 - - [08/Dec/2022:17:31:40 -0800] "POST /home/wp-admin/admin-ajax.php HTTP/1.1" 200 47 "https://emeryjordan.com/home/wp-admin/admin.php?page=w3tc_general" "Mozilla/5.0 (Macintosh; Intel Mac OS X 10_15_7) AppleWebKit/605.1.15 (KHTML, like Gecko) Version/16.1 Safari/605.1.15" "emeryjordan.com"
10.247.24.82 - - [08/Dec/2022:17:31:49 -0800] "GET /home/ HTTP/1.1" 200 9630 "https://emeryjordan.com/home/" "WordPress/6.1.1; https://emeryjordan.com/home" "emeryjordan.com"
10.247.24.83 - - [08/Dec/2022:17:31:46 -0800] "POST /home/wp-cron.php?doing_wp_cron=1670549506.5192749500274658203125 HTTP/1.1" 200 - "https://emeryjordan.com/home/wp-cron.php?doing_wp_cron=1670549506.5192749500274658203125" "WordPress/6.1.1; https://emeryjordan.com/home" "emeryjordan.com"
75.188.71.141 - - [08/Dec/2022:17:40:04 -0800] "POST /home/wp-admin/admin-ajax.php HTTP/1.1" 503 70 "https://emeryjordan.com/home/wp-admin/admin.php?page=w3tc_general" "Mozilla/5.0 (Macintosh; Intel Mac OS X 10_15_7) AppleWebKit/605.1.15 (KHTML, like Gecko) Version/16.1 Safari/605.1.15" "emeryjordan.com"
185.126.65.253 - - [08/Dec/2022:18:12:23 -0800] "GET / HTTP/1.1" 200 689 "emeryjordan.com" "Mozilla/5.0 (Windows NT 6.1; WOW64) AppleWebKit/537.36 (KHTML, like Gecko) Chrome/46.0.2490.80 Safari/537.36 OPR/33.0.1990.58" "emeryjordan.com"
75.188.71.141 - - [08/Dec/2022:18:36:52 -0800] "POST /home/wp-admin/admin-ajax.php HTTP/1.1" 200 47 "https://emeryjordan.com/home/wp-admin/admin.php?page=w3tc_general" "Mozilla/5.0 (Macintosh; Intel Mac OS X 10_15_7) AppleWebKit/605.1.15 (KHTML, like Gecko) Version/16.1 Safari/605.1.15" "emeryjordan.com"
10.247.24.84 - - [08/Dec/2022:18:36:58 -0800] "POST /home/wp-cron.php?doing_wp_cron=1670553418.0294179916381835937500 HTTP/1.1" 200 - "https://emeryjordan.com/home/wp-cron.php?doing_wp_cron=1670553418.0294179916381835937500" "WordPress/6.1.1; https://emeryjordan.com/home" "emeryjordan.com"
10.247.24.82 - - [08/Dec/2022:19:26:04 -0800] "POST /home/wp-cron.php?doing_wp_cron=1670556363.9094779491424560546875 HTTP/1.1" 200 - "https://emeryjordan.com/home/wp-cron.php?doing_wp_cron=1670556363.9094779491424560546875" "WordPress/6.1.1; https://emeryjordan.com/home" "emeryjordan.com"
114.119.129.190 - - [08/Dec/2022:19:25:59 -0800] "GET /home/?C=M%3BO%3DA HTTP/1.1" 200 40909 "http://emeryjordan.com/home" "Mozilla/5.0 (Linux; Android 7.0;) AppleWebKit/537.36 (KHTML, like Gecko) Mobile Safari/537.36 (compatible; PetalBot;+https://webmaster.petalsearch.com/site/petalbot)" "emeryjordan.com"
114.119.151.82 - - [08/Dec/2022:19:26:34 -0800] "GET /?C=D%3BO%3DA HTTP/1.1" 200 343 "https://emeryjordan.com/?N=D" "Mozilla/5.0 (Linux; Android 7.0;) AppleWebKit/537.36 (KHTML, like Gecko) Mobile Safari/537.36 (compatible; PetalBot;+https://webmaster.petalsearch.com/site/petalbot)" "emeryjordan.com"
54.189.118.237 - - [08/Dec/2022:19:39:50 -0800] "GET / HTTP/1.1" 200 343 "-" "Mozilla/5.0 (X11; Linux x86_64) AppleWebKit/537.36 (KHTML, like Gecko) Chrome/83.0.4103.97 Safari/537.36" "emeryjordan.com"
18.237.251.75 - - [08/Dec/2022:19:39:53 -0800] "GET / HTTP/1.1" 200 343 "-" "Mozilla/5.0 (X11; Linux x86_64) AppleWebKit/537.36 (KHTML, like Gecko) Chrome/83.0.4103.97 Safari/537.36" "emeryjordan.com"
54.186.29.134 - - [08/Dec/2022:19:40:06 -0800] "GET /favicon.ico HTTP/1.1" 404 88 "http://emeryjordan.com/favicon.ico" "Mozilla/5.0 (X11; Linux x86_64) AppleWebKit/537.36 (KHTML, like Gecko) Chrome/83.0.4103.97 Safari/537.36" "emeryjordan.com"
54.186.29.134 - - [08/Dec/2022:19:40:09 -0800] "GET / HTTP/1.1" 200 343 "http://emeryjordan.com" "Mozilla/5.0 (X11; Linux x86_64) AppleWebKit/537.36 (KHTML, like Gecko) Chrome/83.0.4103.97 Safari/537.36" "emeryjordan.com"
34.214.3.108 - - [08/Dec/2022:19:40:29 -0800] "GET /favicon.ico HTTP/1.1" 404 88 "http://emeryjordan.com/favicon.ico" "Mozilla/5.0 (X11; Linux x86_64) AppleWebKit/537.36 (KHTML, like Gecko) Chrome/83.0.4103.97 Safari/537.36" "emeryjordan.com"
34.214.3.108 - - [08/Dec/2022:19:40:31 -0800] "GET / HTTP/1.1" 200 343 "http://emeryjordan.com" "Mozilla/5.0 (X11; Linux x86_64) AppleWebKit/537.36 (KHTML, like Gecko) Chrome/83.0.4103.97 Safari/537.36" "emeryjordan.com"
54.200.226.28 - - [08/Dec/2022:19:41:25 -0800] "GET / HTTP/1.1" 200 343 "-" "Mozilla/5.0 (X11; Linux x86_64) AppleWebKit/537.36 (KHTML, like Gecko) Chrome/83.0.4103.97 Safari/537.36" "emeryjordan.com"
54.186.255.199 - - [08/Dec/2022:19:42:28 -0800] "GET /favicon.ico HTTP/1.1" 404 88 "-" "Mozilla/5.0 (X11; Linux x86_64) AppleWebKit/537.36 (KHTML, like Gecko) Chrome/83.0.4103.97 Safari/537.36" "emeryjordan.com"
54.186.255.199 - - [08/Dec/2022:19:42:31 -0800] "GET / HTTP/1.1" 200 343 "-" "Mozilla/5.0 (X11; Linux x86_64) AppleWebKit/537.36 (KHTML, like Gecko) Chrome/83.0.4103.97 Safari/537.36" "emeryjordan.com"
75.188.71.141 - - [08/Dec/2022:19:48:34 -0800] "POST /home/wp-admin/admin-ajax.php HTTP/1.1" 200 47 "https://emeryjordan.com/home/wp-admin/admin.php?page=w3tc_general" "Mozilla/5.0 (Macintosh; Intel Mac OS X 10_15_7) AppleWebKit/605.1.15 (KHTML, like Gecko) Version/16.1 Safari/605.1.15" "emeryjordan.com"
75.188.71.141 - - [08/Dec/2022:20:32:30 -0800] "POST /home/wp-admin/admin-ajax.php HTTP/1.1" 200 47 "https://emeryjordan.com/home/wp-admin/admin.php?page=w3tc_general" "Mozilla/5.0 (Macintosh; Intel Mac OS X 10_15_7) AppleWebKit/605.1.15 (KHTML, like Gecko) Version/16.1 Safari/605.1.15" "emeryjordan.com"
10.247.24.82 - - [08/Dec/2022:20:32:35 -0800] "POST /home/wp-cron.php?doing_wp_cron=1670560355.5246479511260986328125 HTTP/1.1" 200 - "https://emeryjordan.com/home/wp-cron.php?doing_wp_cron=1670560355.5246479511260986328125" "WordPress/6.1.1; https://emeryjordan.com/home" "emeryjordan.com"
185.220.101.39 - - [08/Dec/2022:20:40:23 -0800] "GET / HTTP/1.1" 200 343 "http://emeryjordan.com" "Mozilla/5.0 (Macintosh; Intel Mac OS X 10_9_5) AppleWebKit/601.7.8 (KHTML, like Gecko) Version/9.1.3 Safari/537.86.7" "emeryjordan.com"
75.188.71.141 - - [08/Dec/2022:21:11:14 -0800] "POST /home/wp-admin/admin-ajax.php HTTP/1.1" 200 47 "https://emeryjordan.com/home/wp-admin/admin.php?page=w3tc_general" "Mozilla/5.0 (Macintosh; Intel Mac OS X 10_15_7) AppleWebKit/605.1.15 (KHTML, like Gecko) Version/16.1 Safari/605.1.15" "emeryjordan.com"
10.247.24.83 - - [08/Dec/2022:21:11:19 -0800] "POST /home/wp-cron.php?doing_wp_cron=1670562679.6213700771331787109375 HTTP/1.1" 200 - "https://emeryjordan.com/home/wp-cron.php?doing_wp_cron=1670562679.6213700771331787109375" "WordPress/6.1.1; https://emeryjordan.com/home" "emeryjordan.com"
75.188.71.141 - - [08/Dec/2022:22:24:50 -0800] "POST /home/wp-admin/admin-ajax.php HTTP/1.1" 200 47 "https://emeryjordan.com/home/wp-admin/admin.php?page=w3tc_general" "Mozilla/5.0 (Macintosh; Intel Mac OS X 10_15_7) AppleWebKit/605.1.15 (KHTML, like Gecko) Version/16.1 Safari/605.1.15" "emeryjordan.com"
10.247.24.83 - - [08/Dec/2022:22:24:55 -0800] "POST /home/wp-cron.php?doing_wp_cron=1670567095.6518430709838867187500 HTTP/1.1" 200 - "https://emeryjordan.com/home/wp-cron.php?doing_wp_cron=1670567095.6518430709838867187500" "WordPress/6.1.1; https://emeryjordan.com/home" "emeryjordan.com"
75.188.71.141 - - [08/Dec/2022:22:40:25 -0800] "POST /home/wp-admin/admin-ajax.php HTTP/1.1" 200 47 "https://emeryjordan.com/home/wp-admin/admin.php?page=w3tc_general" "Mozilla/5.0 (Macintosh; Intel Mac OS X 10_15_7) AppleWebKit/605.1.15 (KHTML, like Gecko) Version/16.1 Safari/605.1.15" "emeryjordan.com"
75.188.71.141 - - [08/Dec/2022:22:51:44 -0800] "POST /home/wp-admin/admin-ajax.php HTTP/1.1" 200 47 "https://emeryjordan.com/home/wp-admin/admin.php?page=w3tc_general" "Mozilla/5.0 (Macintosh; Intel Mac OS X 10_15_7) AppleWebKit/605.1.15 (KHTML, like Gecko) Version/16.1 Safari/605.1.15" "emeryjordan.com"
51.159.37.33 - - [08/Dec/2022:23:10:22 -0800] "GET /wp-includes/ HTTP/1.1" 404 73 "-" "Mozilla/5.0 (Windows NT 10.0; Win64; x64) AppleWebKit/537.36 (KHTML, like Gecko) Chrome/108.0.0.0 Safari/537.36" "emeryjordan.com"
20.123.56.23 - - [08/Dec/2022:23:17:31 -0800] "GET /blog/wp-content/plugins/wp-file-manager/lib/php/connector.minimal.php HTTP/1.1" 404 88 "www.google.com" "Mozlila/5.0 (Linux; Android 7.0; SM-G892A Bulid/NRD90M; wv) AppleWebKit/537.36 (KHTML, like Gecko) Version/4.0 Chrome/60.0.3112.107 Moblie Safari/537.36" "emeryjordan.com"
51.222.253.4 - - [09/Dec/2022:00:01:20 -0800] "GET /robots.txt HTTP/1.1" 404 88 "-" "Mozilla/5.0 (compatible; AhrefsBot/7.0; +http://ahrefs.com/robot/)" "emeryjordan.com"
51.222.253.13 - - [09/Dec/2022:00:01:21 -0800] "GET / HTTP/1.1" 200 343 "-" "Mozilla/5.0 (compatible; AhrefsBot/7.0; +http://ahrefs.com/robot/)" "emeryjordan.com"
64.124.8.35 - - [09/Dec/2022:00:03:40 -0800] "GET /robots.txt HTTP/1.1" 404 88 "-" "Mozilla/5.0 (X11; Linux x86_64) AppleWebKit/537.36 (KHTML, like Gecko) Chrome/61.0.3163.79 Safari/537.36" "emeryjordan.com"
64.124.8.35 - - [09/Dec/2022:00:03:41 -0800] "GET /robots.txt HTTP/1.1" 404 88 "-" "Mozilla/5.0 (X11; Linux x86_64) AppleWebKit/537.36 (KHTML, like Gecko) Chrome/61.0.3163.79 Safari/537.36" "emeryjordan.com"
64.124.8.35 - - [09/Dec/2022:00:03:41 -0800] "GET / HTTP/1.1" 200 343 "-" "Mozilla/5.0 (X11; Linux x86_64) AppleWebKit/537.36 (KHTML, like Gecko) Chrome/61.0.3163.79 Safari/537.36" "emeryjordan.com"
75.188.71.141 - - [09/Dec/2022:00:28:17 -0800] "POST /home/wp-admin/admin-ajax.php HTTP/1.1" 200 47 "https://emeryjordan.com/home/wp-admin/admin.php?page=w3tc_general" "Mozilla/5.0 (Macintosh; Intel Mac OS X 10_15_7) AppleWebKit/605.1.15 (KHTML, like Gecko) Version/16.1 Safari/605.1.15" "emeryjordan.com"
10.247.24.84 - - [09/Dec/2022:00:28:22 -0800] "POST /home/wp-cron.php?doing_wp_cron=1670574502.7194290161132812500000 HTTP/1.1" 200 - "https://emeryjordan.com/home/wp-cron.php?doing_wp_cron=1670574502.7194290161132812500000" "WordPress/6.1.1; https://emeryjordan.com/home" "emeryjordan.com"
75.188.71.141 - - [09/Dec/2022:01:46:11 -0800] "POST /home/wp-admin/admin-ajax.php HTTP/1.1" 200 47 "https://emeryjordan.com/home/wp-admin/admin.php?page=w3tc_general" "Mozilla/5.0 (Macintosh; Intel Mac OS X 10_15_7) AppleWebKit/605.1.15 (KHTML, like Gecko) Version/16.1 Safari/605.1.15" "emeryjordan.com"
10.247.24.82 - - [09/Dec/2022:01:46:20 -0800] "POST /home/wp-cron.php?doing_wp_cron=1670579180.0345180034637451171875 HTTP/1.1" 200 - "https://emeryjordan.com/home/wp-cron.php?doing_wp_cron=1670579180.0345180034637451171875" "WordPress/6.1.1; https://emeryjordan.com/home" "emeryjordan.com"
75.188.71.141 - - [09/Dec/2022:02:48:08 -0800] "POST /home/wp-admin/admin-ajax.php HTTP/1.1" 200 47 "https://emeryjordan.com/home/wp-admin/admin.php?page=w3tc_general" "Mozilla/5.0 (Macintosh; Intel Mac OS X 10_15_7) AppleWebKit/605.1.15 (KHTML, like Gecko) Version/16.1 Safari/605.1.15" "emeryjordan.com"
10.247.24.84 - - [09/Dec/2022:02:48:14 -0800] "POST /home/wp-cron.php?doing_wp_cron=1670582894.8759369850158691406250 HTTP/1.1" 200 - "https://emeryjordan.com/home/wp-cron.php?doing_wp_cron=1670582894.8759369850158691406250" "WordPress/6.1.1; https://emeryjordan.com/home" "emeryjordan.com"
114.119.146.87 - - [09/Dec/2022:03:44:14 -0800] "GET /home HTTP/1.1" 301 1409 "http://emeryjordan.com/yahoo_site_admin/" "Mozilla/5.0 (Linux; Android 7.0;) AppleWebKit/537.36 (KHTML, like Gecko) Mobile Safari/537.36 (compatible; PetalBot;+https://webmaster.petalsearch.com/site/petalbot)" "emeryjordan.com"
114.119.146.87 - - [09/Dec/2022:03:44:35 -0800] "GET /home/ HTTP/1.1" 200 9630 "http://emeryjordan.com/yahoo_site_admin/" "Mozilla/5.0 (Linux; Android 7.0;) AppleWebKit/537.36 (KHTML, like Gecko) Mobile Safari/537.36 (compatible; PetalBot;+https://webmaster.petalsearch.com/site/petalbot)" "emeryjordan.com"
75.188.71.141 - - [09/Dec/2022:04:11:36 -0800] "POST /home/wp-admin/admin-ajax.php HTTP/1.1" 200 104 "https://emeryjordan.com/home/wp-admin/admin.php?page=w3tc_general" "Mozilla/5.0 (Macintosh; Intel Mac OS X 10_15_7) AppleWebKit/605.1.15 (KHTML, like Gecko) Version/16.1 Safari/605.1.15" "emeryjordan.com"
10.247.24.84 - - [09/Dec/2022:04:11:42 -0800] "POST /home/wp-cron.php?doing_wp_cron=1670587902.7218830585479736328125 HTTP/1.1" 200 - "https://emeryjordan.com/home/wp-cron.php?doing_wp_cron=1670587902.7218830585479736328125" "WordPress/6.1.1; https://emeryjordan.com/home" "emeryjordan.com"
101.68.211.2 - - [09/Dec/2022:04:35:31 -0800] "GET / HTTP/1.1" 200 689 "-" "Mozilla/5.0 (Macintosh; Intel Mac OS X 10.11; rv:47.0) Gecko/20100101 Firefox/47.0" "emeryjordan.com"
101.68.211.2 - - [09/Dec/2022:04:36:04 -0800] "GET / HTTP/1.1" 200 343 "-" "Mozilla/5.0 (Windows NT 6.1; WOW64) AppleWebKit/537.36 (KHTML, like Gecko) Chrome/63.0.3239.132 Safari/537.36 QIHU 360SE" "emeryjordan.com"
101.68.211.2 - - [09/Dec/2022:04:36:05 -0800] "GET /favicon.ico HTTP/1.1" 404 88 "-" "Mozilla/5.0 (Windows NT 6.1; WOW64) AppleWebKit/537.36 (KHTML, like Gecko) Chrome/63.0.3239.132 Safari/537.36 QIHU 360SE" "emeryjordan.com"
101.68.211.2 - - [09/Dec/2022:04:36:06 -0800] "GET /robots.txt HTTP/1.1" 404 88 "-" "Mozilla/5.0 (Windows NT 6.1; WOW64) AppleWebKit/537.36 (KHTML, like Gecko) Chrome/63.0.3239.132 Safari/537.36 QIHU 360SE" "emeryjordan.com"
101.68.211.2 - - [09/Dec/2022:04:42:43 -0800] "GET / HTTP/1.1" 200 689 "-" "Mozilla/5.0 (Macintosh; Intel Mac OS X 10.11; rv:47.0) Gecko/20100101 Firefox/47.0" "emeryjordan.com"
75.188.71.141 - - [09/Dec/2022:05:04:50 -0800] "POST /home/wp-admin/admin-ajax.php HTTP/1.1" 200 47 "https://emeryjordan.com/home/wp-admin/admin.php?page=w3tc_general" "Mozilla/5.0 (Macintosh; Intel Mac OS X 10_15_7) AppleWebKit/605.1.15 (KHTML, like Gecko) Version/16.1 Safari/605.1.15" "emeryjordan.com"
10.247.24.82 - - [09/Dec/2022:05:04:56 -0800] "POST /home/wp-cron.php?doing_wp_cron=1670591095.9196190834045410156250 HTTP/1.1" 200 - "https://emeryjordan.com/home/wp-cron.php?doing_wp_cron=1670591095.9196190834045410156250" "WordPress/6.1.1; https://emeryjordan.com/home" "emeryjordan.com"
75.188.71.141 - - [09/Dec/2022:05:16:12 -0800] "POST /home/wp-admin/admin-ajax.php HTTP/1.1" 200 47 "https://emeryjordan.com/home/wp-admin/admin.php?page=w3tc_general" "Mozilla/5.0 (Macintosh; Intel Mac OS X 10_15_7) AppleWebKit/605.1.15 (KHTML, like Gecko) Version/16.1 Safari/605.1.15" "emeryjordan.com"
75.188.71.141 - - [09/Dec/2022:05:27:02 -0800] "POST /home/wp-admin/admin-ajax.php HTTP/1.1" 200 47 "https://emeryjordan.com/home/wp-admin/admin.php?page=w3tc_general" "Mozilla/5.0 (Macintosh; Intel Mac OS X 10_15_7) AppleWebKit/605.1.15 (KHTML, like Gecko) Version/16.1 Safari/605.1.15" "emeryjordan.com"
10.247.24.82 - - [09/Dec/2022:05:27:10 -0800] "GET /home/ HTTP/1.1" 200 9630 "https://emeryjordan.com/home/" "WordPress/6.1.1; https://emeryjordan.com/home" "emeryjordan.com"
10.247.24.83 - - [09/Dec/2022:05:27:07 -0800] "POST /home/wp-cron.php?doing_wp_cron=1670592427.7343780994415283203125 HTTP/1.1" 200 - "https://emeryjordan.com/home/wp-cron.php?doing_wp_cron=1670592427.7343780994415283203125" "WordPress/6.1.1; https://emeryjordan.com/home" "emeryjordan.com"
23.105.145.213 - - [09/Dec/2022:05:41:38 -0800] "GET /contact_us HTTP/1.1" 404 88 "http://emeryjordan.com/contact_us" "Mozilla/5.0 (Windows NT 10.0; WOW64) AppleWebKit/537.36 (KHTML, like Gecko) Chrome/103.0.0.0 Safari/537.36" "emeryjordan.com"
75.188.71.141 - - [09/Dec/2022:05:51:19 -0800] "POST /home/wp-admin/admin-ajax.php HTTP/1.1" 200 47 "https://emeryjordan.com/home/wp-admin/admin.php?page=w3tc_general" "Mozilla/5.0 (Macintosh; Intel Mac OS X 10_15_7) AppleWebKit/605.1.15 (KHTML, like Gecko) Version/16.1 Safari/605.1.15" "emeryjordan.com"
75.188.71.141 - - [09/Dec/2022:05:58:34 -0800] "POST /home/wp-admin/admin-ajax.php HTTP/1.1" 200 47 "https://emeryjordan.com/home/wp-admin/admin.php?page=w3tc_general" "Mozilla/5.0 (Macintosh; Intel Mac OS X 10_15_7) AppleWebKit/605.1.15 (KHTML, like Gecko) Version/16.1 Safari/605.1.15" "emeryjordan.com"
75.188.71.141 - - [09/Dec/2022:06:00:34 -0800] "POST /home/wp-admin/admin-ajax.php HTTP/1.1" 200 47 "https://emeryjordan.com/home/wp-admin/admin.php?page=w3tc_general" "Mozilla/5.0 (Macintosh; Intel Mac OS X 10_15_7) AppleWebKit/605.1.15 (KHTML, like Gecko) Version/16.1 Safari/605.1.15" "emeryjordan.com"
75.188.71.141 - - [09/Dec/2022:06:02:34 -0800] "POST /home/wp-admin/admin-ajax.php HTTP/1.1" 200 47 "https://emeryjordan.com/home/wp-admin/admin.php?page=w3tc_general" "Mozilla/5.0 (Macintosh; Intel Mac OS X 10_15_7) AppleWebKit/605.1.15 (KHTML, like Gecko) Version/16.1 Safari/605.1.15" "emeryjordan.com"
75.188.71.141 - - [09/Dec/2022:06:04:34 -0800] "POST /home/wp-admin/admin-ajax.php HTTP/1.1" 200 47 "https://emeryjordan.com/home/wp-admin/admin.php?page=w3tc_general" "Mozilla/5.0 (Macintosh; Intel Mac OS X 10_15_7) AppleWebKit/605.1.15 (KHTML, like Gecko) Version/16.1 Safari/605.1.15" "emeryjordan.com"
75.188.71.141 - - [09/Dec/2022:06:06:34 -0800] "POST /home/wp-admin/admin-ajax.php HTTP/1.1" 200 47 "https://emeryjordan.com/home/wp-admin/admin.php?page=w3tc_general" "Mozilla/5.0 (Macintosh; Intel Mac OS X 10_15_7) AppleWebKit/605.1.15 (KHTML, like Gecko) Version/16.1 Safari/605.1.15" "emeryjordan.com"
75.188.71.141 - - [09/Dec/2022:06:08:34 -0800] "POST /home/wp-admin/admin-ajax.php HTTP/1.1" 200 47 "https://emeryjordan.com/home/wp-admin/admin.php?page=w3tc_general" "Mozilla/5.0 (Macintosh; Intel Mac OS X 10_15_7) AppleWebKit/605.1.15 (KHTML, like Gecko) Version/16.1 Safari/605.1.15" "emeryjordan.com"
75.188.71.141 - - [09/Dec/2022:06:10:34 -0800] "POST /home/wp-admin/admin-ajax.php HTTP/1.1" 200 47 "https://emeryjordan.com/home/wp-admin/admin.php?page=w3tc_general" "Mozilla/5.0 (Macintosh; Intel Mac OS X 10_15_7) AppleWebKit/605.1.15 (KHTML, like Gecko) Version/16.1 Safari/605.1.15" "emeryjordan.com"
75.188.71.141 - - [09/Dec/2022:06:12:34 -0800] "POST /home/wp-admin/admin-ajax.php HTTP/1.1" 200 47 "https://emeryjordan.com/home/wp-admin/admin.php?page=w3tc_general" "Mozilla/5.0 (Macintosh; Intel Mac OS X 10_15_7) AppleWebKit/605.1.15 (KHTML, like Gecko) Version/16.1 Safari/605.1.15" "emeryjordan.com"
75.188.71.141 - - [09/Dec/2022:06:14:34 -0800] "POST /home/wp-admin/admin-ajax.php HTTP/1.1" 200 47 "https://emeryjordan.com/home/wp-admin/admin.php?page=w3tc_general" "Mozilla/5.0 (Macintosh; Intel Mac OS X 10_15_7) AppleWebKit/605.1.15 (KHTML, like Gecko) Version/16.1 Safari/605.1.15" "emeryjordan.com"
75.188.71.141 - - [09/Dec/2022:06:16:34 -0800] "POST /home/wp-admin/admin-ajax.php HTTP/1.1" 200 47 "https://emeryjordan.com/home/wp-admin/admin.php?page=w3tc_general" "Mozilla/5.0 (Macintosh; Intel Mac OS X 10_15_7) AppleWebKit/605.1.15 (KHTML, like Gecko) Version/16.1 Safari/605.1.15" "emeryjordan.com"
125.201.157.239 - - [09/Dec/2022:06:17:09 -0800] "GET /administrator/ HTTP/1.1" 404 88 "https://emeryjordan.com/administrator/" "Mozilla/5.0 (Windows NT 10.0; Win64; x64) AppleWebKit/537.36 (KHTML, like Gecko) Chrome/86.0.4240.198 Safari/537.36" "emeryjordan.com"
75.188.71.141 - - [09/Dec/2022:06:18:34 -0800] "POST /home/wp-admin/admin-ajax.php HTTP/1.1" 200 47 "https://emeryjordan.com/home/wp-admin/admin.php?page=w3tc_general" "Mozilla/5.0 (Macintosh; Intel Mac OS X 10_15_7) AppleWebKit/605.1.15 (KHTML, like Gecko) Version/16.1 Safari/605.1.15" "emeryjordan.com"
75.188.71.141 - - [09/Dec/2022:06:20:34 -0800] "POST /home/wp-admin/admin-ajax.php HTTP/1.1" 200 47 "https://emeryjordan.com/home/wp-admin/admin.php?page=w3tc_general" "Mozilla/5.0 (Macintosh; Intel Mac OS X 10_15_7) AppleWebKit/605.1.15 (KHTML, like Gecko) Version/16.1 Safari/605.1.15" "emeryjordan.com"
75.188.71.141 - - [09/Dec/2022:06:22:34 -0800] "POST /home/wp-admin/admin-ajax.php HTTP/1.1" 200 47 "https://emeryjordan.com/home/wp-admin/admin.php?page=w3tc_general" "Mozilla/5.0 (Macintosh; Intel Mac OS X 10_15_7) AppleWebKit/605.1.15 (KHTML, like Gecko) Version/16.1 Safari/605.1.15" "emeryjordan.com"
75.188.71.141 - - [09/Dec/2022:06:24:34 -0800] "POST /home/wp-admin/admin-ajax.php HTTP/1.1" 200 47 "https://emeryjordan.com/home/wp-admin/admin.php?page=w3tc_general" "Mozilla/5.0 (Macintosh; Intel Mac OS X 10_15_7) AppleWebKit/605.1.15 (KHTML, like Gecko) Version/16.1 Safari/605.1.15" "emeryjordan.com"
75.188.71.141 - - [09/Dec/2022:06:26:34 -0800] "POST /home/wp-admin/admin-ajax.php HTTP/1.1" 200 47 "https://emeryjordan.com/home/wp-admin/admin.php?page=w3tc_general" "Mozilla/5.0 (Macintosh; Intel Mac OS X 10_15_7) AppleWebKit/605.1.15 (KHTML, like Gecko) Version/16.1 Safari/605.1.15" "emeryjordan.com"
10.247.24.82 - - [09/Dec/2022:06:26:37 -0800] "POST /home/wp-cron.php?doing_wp_cron=1670595997.5870020389556884765625 HTTP/1.1" 200 - "https://emeryjordan.com/home/wp-cron.php?doing_wp_cron=1670595997.5870020389556884765625" "WordPress/6.1.1; https://emeryjordan.com/home" "emeryjordan.com"
75.188.71.141 - - [09/Dec/2022:06:28:34 -0800] "POST /home/wp-admin/admin-ajax.php HTTP/1.1" 200 47 "https://emeryjordan.com/home/wp-admin/admin.php?page=w3tc_general" "Mozilla/5.0 (Macintosh; Intel Mac OS X 10_15_7) AppleWebKit/605.1.15 (KHTML, like Gecko) Version/16.1 Safari/605.1.15" "emeryjordan.com"
75.188.71.141 - - [09/Dec/2022:06:30:34 -0800] "POST /home/wp-admin/admin-ajax.php HTTP/1.1" 200 47 "https://emeryjordan.com/home/wp-admin/admin.php?page=w3tc_general" "Mozilla/5.0 (Macintosh; Intel Mac OS X 10_15_7) AppleWebKit/605.1.15 (KHTML, like Gecko) Version/16.1 Safari/605.1.15" "emeryjordan.com"
75.188.71.141 - - [09/Dec/2022:06:32:34 -0800] "POST /home/wp-admin/admin-ajax.php HTTP/1.1" 200 47 "https://emeryjordan.com/home/wp-admin/admin.php?page=w3tc_general" "Mozilla/5.0 (Macintosh; Intel Mac OS X 10_15_7) AppleWebKit/605.1.15 (KHTML, like Gecko) Version/16.1 Safari/605.1.15" "emeryjordan.com"
75.188.71.141 - - [09/Dec/2022:06:34:34 -0800] "POST /home/wp-admin/admin-ajax.php HTTP/1.1" 200 47 "https://emeryjordan.com/home/wp-admin/admin.php?page=w3tc_general" "Mozilla/5.0 (Macintosh; Intel Mac OS X 10_15_7) AppleWebKit/605.1.15 (KHTML, like Gecko) Version/16.1 Safari/605.1.15" "emeryjordan.com"
75.188.71.141 - - [09/Dec/2022:06:36:34 -0800] "POST /home/wp-admin/admin-ajax.php HTTP/1.1" 200 47 "https://emeryjordan.com/home/wp-admin/admin.php?page=w3tc_general" "Mozilla/5.0 (Macintosh; Intel Mac OS X 10_15_7) AppleWebKit/605.1.15 (KHTML, like Gecko) Version/16.1 Safari/605.1.15" "emeryjordan.com"
75.188.71.141 - - [09/Dec/2022:06:38:35 -0800] "POST /home/wp-admin/admin-ajax.php HTTP/1.1" 200 47 "https://emeryjordan.com/home/wp-admin/admin.php?page=w3tc_general" "Mozilla/5.0 (Macintosh; Intel Mac OS X 10_15_7) AppleWebKit/605.1.15 (KHTML, like Gecko) Version/16.1 Safari/605.1.15" "emeryjordan.com"
75.188.71.141 - - [09/Dec/2022:06:40:34 -0800] "POST /home/wp-admin/admin-ajax.php HTTP/1.1" 200 47 "https://emeryjordan.com/home/wp-admin/admin.php?page=w3tc_general" "Mozilla/5.0 (Macintosh; Intel Mac OS X 10_15_7) AppleWebKit/605.1.15 (KHTML, like Gecko) Version/16.1 Safari/605.1.15" "emeryjordan.com"
75.188.71.141 - - [09/Dec/2022:06:42:34 -0800] "POST /home/wp-admin/admin-ajax.php HTTP/1.1" 200 47 "https://emeryjordan.com/home/wp-admin/admin.php?page=w3tc_general" "Mozilla/5.0 (Macintosh; Intel Mac OS X 10_15_7) AppleWebKit/605.1.15 (KHTML, like Gecko) Version/16.1 Safari/605.1.15" "emeryjordan.com"
75.188.71.141 - - [09/Dec/2022:06:44:34 -0800] "POST /home/wp-admin/admin-ajax.php HTTP/1.1" 200 47 "https://emeryjordan.com/home/wp-admin/admin.php?page=w3tc_general" "Mozilla/5.0 (Macintosh; Intel Mac OS X 10_15_7) AppleWebKit/605.1.15 (KHTML, like Gecko) Version/16.1 Safari/605.1.15" "emeryjordan.com"
75.188.71.141 - - [09/Dec/2022:06:46:34 -0800] "POST /home/wp-admin/admin-ajax.php HTTP/1.1" 200 47 "https://emeryjordan.com/home/wp-admin/admin.php?page=w3tc_general" "Mozilla/5.0 (Macintosh; Intel Mac OS X 10_15_7) AppleWebKit/605.1.15 (KHTML, like Gecko) Version/16.1 Safari/605.1.15" "emeryjordan.com"
75.188.71.141 - - [09/Dec/2022:06:48:34 -0800] "POST /home/wp-admin/admin-ajax.php HTTP/1.1" 200 47 "https://emeryjordan.com/home/wp-admin/admin.php?page=w3tc_general" "Mozilla/5.0 (Macintosh; Intel Mac OS X 10_15_7) AppleWebKit/605.1.15 (KHTML, like Gecko) Version/16.1 Safari/605.1.15" "emeryjordan.com"
75.188.71.141 - - [09/Dec/2022:06:50:34 -0800] "POST /home/wp-admin/admin-ajax.php HTTP/1.1" 200 47 "https://emeryjordan.com/home/wp-admin/admin.php?page=w3tc_general" "Mozilla/5.0 (Macintosh; Intel Mac OS X 10_15_7) AppleWebKit/605.1.15 (KHTML, like Gecko) Version/16.1 Safari/605.1.15" "emeryjordan.com"
75.188.71.141 - - [09/Dec/2022:06:52:34 -0800] "POST /home/wp-admin/admin-ajax.php HTTP/1.1" 200 47 "https://emeryjordan.com/home/wp-admin/admin.php?page=w3tc_general" "Mozilla/5.0 (Macintosh; Intel Mac OS X 10_15_7) AppleWebKit/605.1.15 (KHTML, like Gecko) Version/16.1 Safari/605.1.15" "emeryjordan.com"
75.188.71.141 - - [09/Dec/2022:06:54:34 -0800] "POST /home/wp-admin/admin-ajax.php HTTP/1.1" 200 47 "https://emeryjordan.com/home/wp-admin/admin.php?page=w3tc_general" "Mozilla/5.0 (Macintosh; Intel Mac OS X 10_15_7) AppleWebKit/605.1.15 (KHTML, like Gecko) Version/16.1 Safari/605.1.15" "emeryjordan.com"
75.188.71.141 - - [09/Dec/2022:06:56:34 -0800] "POST /home/wp-admin/admin-ajax.php HTTP/1.1" 200 47 "https://emeryjordan.com/home/wp-admin/admin.php?page=w3tc_general" "Mozilla/5.0 (Macintosh; Intel Mac OS X 10_15_7) AppleWebKit/605.1.15 (KHTML, like Gecko) Version/16.1 Safari/605.1.15" "emeryjordan.com"
75.188.71.141 - - [09/Dec/2022:06:58:34 -0800] "POST /home/wp-admin/admin-ajax.php HTTP/1.1" 200 47 "https://emeryjordan.com/home/wp-admin/admin.php?page=w3tc_general" "Mozilla/5.0 (Macintosh; Intel Mac OS X 10_15_7) AppleWebKit/605.1.15 (KHTML, like Gecko) Version/16.1 Safari/605.1.15" "emeryjordan.com"
75.188.71.141 - - [09/Dec/2022:07:00:34 -0800] "POST /home/wp-admin/admin-ajax.php HTTP/1.1" 200 47 "https://emeryjordan.com/home/wp-admin/admin.php?page=w3tc_general" "Mozilla/5.0 (Macintosh; Intel Mac OS X 10_15_7) AppleWebKit/605.1.15 (KHTML, like Gecko) Version/16.1 Safari/605.1.15" "emeryjordan.com"
75.188.71.141 - - [09/Dec/2022:07:02:34 -0800] "POST /home/wp-admin/admin-ajax.php HTTP/1.1" 200 47 "https://emeryjordan.com/home/wp-admin/admin.php?page=w3tc_general" "Mozilla/5.0 (Macintosh; Intel Mac OS X 10_15_7) AppleWebKit/605.1.15 (KHTML, like Gecko) Version/16.1 Safari/605.1.15" "emeryjordan.com"
75.188.71.141 - - [09/Dec/2022:07:04:34 -0800] "POST /home/wp-admin/admin-ajax.php HTTP/1.1" 200 47 "https://emeryjordan.com/home/wp-admin/admin.php?page=w3tc_general" "Mozilla/5.0 (Macintosh; Intel Mac OS X 10_15_7) AppleWebKit/605.1.15 (KHTML, like Gecko) Version/16.1 Safari/605.1.15" "emeryjordan.com"
20.123.56.23 - - [09/Dec/2022:07:06:19 -0800] "GET /wp-content/plugins/wp-file-manager/lib/php/connector.minimal.php HTTP/1.1" 404 88 "www.google.com" "Mozlila/5.0 (Linux; Android 7.0; SM-G892A Bulid/NRD90M; wv) AppleWebKit/537.36 (KHTML, like Gecko) Version/4.0 Chrome/60.0.3112.107 Moblie Safari/537.36" "emeryjordan.com"
75.188.71.141 - - [09/Dec/2022:07:06:34 -0800] "POST /home/wp-admin/admin-ajax.php HTTP/1.1" 200 47 "https://emeryjordan.com/home/wp-admin/admin.php?page=w3tc_general" "Mozilla/5.0 (Macintosh; Intel Mac OS X 10_15_7) AppleWebKit/605.1.15 (KHTML, like Gecko) Version/16.1 Safari/605.1.15" "emeryjordan.com"
75.188.71.141 - - [09/Dec/2022:07:08:34 -0800] "POST /home/wp-admin/admin-ajax.php HTTP/1.1" 200 47 "https://emeryjordan.com/home/wp-admin/admin.php?page=w3tc_general" "Mozilla/5.0 (Macintosh; Intel Mac OS X 10_15_7) AppleWebKit/605.1.15 (KHTML, like Gecko) Version/16.1 Safari/605.1.15" "emeryjordan.com"
75.188.71.141 - - [09/Dec/2022:07:10:34 -0800] "POST /home/wp-admin/admin-ajax.php HTTP/1.1" 200 47 "https://emeryjordan.com/home/wp-admin/admin.php?page=w3tc_general" "Mozilla/5.0 (Macintosh; Intel Mac OS X 10_15_7) AppleWebKit/605.1.15 (KHTML, like Gecko) Version/16.1 Safari/605.1.15" "emeryjordan.com"
75.188.71.141 - - [09/Dec/2022:07:12:34 -0800] "POST /home/wp-admin/admin-ajax.php HTTP/1.1" 200 47 "https://emeryjordan.com/home/wp-admin/admin.php?page=w3tc_general" "Mozilla/5.0 (Macintosh; Intel Mac OS X 10_15_7) AppleWebKit/605.1.15 (KHTML, like Gecko) Version/16.1 Safari/605.1.15" "emeryjordan.com"
75.188.71.141 - - [09/Dec/2022:07:14:34 -0800] "POST /home/wp-admin/admin-ajax.php HTTP/1.1" 200 47 "https://emeryjordan.com/home/wp-admin/admin.php?page=w3tc_general" "Mozilla/5.0 (Macintosh; Intel Mac OS X 10_15_7) AppleWebKit/605.1.15 (KHTML, like Gecko) Version/16.1 Safari/605.1.15" "emeryjordan.com"
75.188.71.141 - - [09/Dec/2022:07:16:34 -0800] "POST /home/wp-admin/admin-ajax.php HTTP/1.1" 200 47 "https://emeryjordan.com/home/wp-admin/admin.php?page=w3tc_general" "Mozilla/5.0 (Macintosh; Intel Mac OS X 10_15_7) AppleWebKit/605.1.15 (KHTML, like Gecko) Version/16.1 Safari/605.1.15" "emeryjordan.com"
75.188.71.141 - - [09/Dec/2022:07:18:34 -0800] "POST /home/wp-admin/admin-ajax.php HTTP/1.1" 200 47 "https://emeryjordan.com/home/wp-admin/admin.php?page=w3tc_general" "Mozilla/5.0 (Macintosh; Intel Mac OS X 10_15_7) AppleWebKit/605.1.15 (KHTML, like Gecko) Version/16.1 Safari/605.1.15" "emeryjordan.com"
75.188.71.141 - - [09/Dec/2022:07:20:34 -0800] "POST /home/wp-admin/admin-ajax.php HTTP/1.1" 200 47 "https://emeryjordan.com/home/wp-admin/admin.php?page=w3tc_general" "Mozilla/5.0 (Macintosh; Intel Mac OS X 10_15_7) AppleWebKit/605.1.15 (KHTML, like Gecko) Version/16.1 Safari/605.1.15" "emeryjordan.com"
75.188.71.141 - - [09/Dec/2022:07:22:34 -0800] "POST /home/wp-admin/admin-ajax.php HTTP/1.1" 200 47 "https://emeryjordan.com/home/wp-admin/admin.php?page=w3tc_general" "Mozilla/5.0 (Macintosh; Intel Mac OS X 10_15_7) AppleWebKit/605.1.15 (KHTML, like Gecko) Version/16.1 Safari/605.1.15" "emeryjordan.com"
75.188.71.141 - - [09/Dec/2022:07:24:34 -0800] "POST /home/wp-admin/admin-ajax.php HTTP/1.1" 200 47 "https://emeryjordan.com/home/wp-admin/admin.php?page=w3tc_general" "Mozilla/5.0 (Macintosh; Intel Mac OS X 10_15_7) AppleWebKit/605.1.15 (KHTML, like Gecko) Version/16.1 Safari/605.1.15" "emeryjordan.com"
75.188.71.141 - - [09/Dec/2022:07:26:34 -0800] "POST /home/wp-admin/admin-ajax.php HTTP/1.1" 200 47 "https://emeryjordan.com/home/wp-admin/admin.php?page=w3tc_general" "Mozilla/5.0 (Macintosh; Intel Mac OS X 10_15_7) AppleWebKit/605.1.15 (KHTML, like Gecko) Version/16.1 Safari/605.1.15" "emeryjordan.com"
10.247.24.83 - - [09/Dec/2022:07:26:37 -0800] "POST /home/wp-cron.php?doing_wp_cron=1670599597.7344760894775390625000 HTTP/1.1" 200 - "https://emeryjordan.com/home/wp-cron.php?doing_wp_cron=1670599597.7344760894775390625000" "WordPress/6.1.1; https://emeryjordan.com/home" "emeryjordan.com"
75.188.71.141 - - [09/Dec/2022:07:28:34 -0800] "POST /home/wp-admin/admin-ajax.php HTTP/1.1" 200 47 "https://emeryjordan.com/home/wp-admin/admin.php?page=w3tc_general" "Mozilla/5.0 (Macintosh; Intel Mac OS X 10_15_7) AppleWebKit/605.1.15 (KHTML, like Gecko) Version/16.1 Safari/605.1.15" "emeryjordan.com"
75.188.71.141 - - [09/Dec/2022:07:30:34 -0800] "POST /home/wp-admin/admin-ajax.php HTTP/1.1" 200 47 "https://emeryjordan.com/home/wp-admin/admin.php?page=w3tc_general" "Mozilla/5.0 (Macintosh; Intel Mac OS X 10_15_7) AppleWebKit/605.1.15 (KHTML, like Gecko) Version/16.1 Safari/605.1.15" "emeryjordan.com"
75.188.71.141 - - [09/Dec/2022:07:32:34 -0800] "POST /home/wp-admin/admin-ajax.php HTTP/1.1" 200 47 "https://emeryjordan.com/home/wp-admin/admin.php?page=w3tc_general" "Mozilla/5.0 (Macintosh; Intel Mac OS X 10_15_7) AppleWebKit/605.1.15 (KHTML, like Gecko) Version/16.1 Safari/605.1.15" "emeryjordan.com"
75.188.71.141 - - [09/Dec/2022:07:34:34 -0800] "POST /home/wp-admin/admin-ajax.php HTTP/1.1" 200 47 "https://emeryjordan.com/home/wp-admin/admin.php?page=w3tc_general" "Mozilla/5.0 (Macintosh; Intel Mac OS X 10_15_7) AppleWebKit/605.1.15 (KHTML, like Gecko) Version/16.1 Safari/605.1.15" "emeryjordan.com"
75.188.71.141 - - [09/Dec/2022:07:36:06 -0800] "POST /home/wp-admin/admin-ajax.php HTTP/1.1" 200 47 "https://emeryjordan.com/home/wp-admin/admin.php?page=w3tc_general" "Mozilla/5.0 (Macintosh; Intel Mac OS X 10_15_7) AppleWebKit/605.1.15 (KHTML, like Gecko) Version/16.1 Safari/605.1.15" "emeryjordan.com"
77.88.5.214 - - [09/Dec/2022:08:17:11 -0800] "GET /robots.txt HTTP/1.1" 404 73 "-" "Mozilla/5.0 (compatible; YandexBot/3.0; +http://yandex.com/bots)" "emeryjordan.com"
77.88.5.33 - - [09/Dec/2022:08:17:15 -0800] "GET /robots.txt HTTP/1.1" 404 73 "-" "Mozilla/5.0 (compatible; YandexBot/3.0; +http://yandex.com/bots)" "emeryjordan.com"
93.158.161.61 - - [09/Dec/2022:08:17:20 -0800] "GET /?C=M;O=A HTTP/1.1" 200 343 "-" "Mozilla/5.0 (compatible; YandexBot/3.0; +http://yandex.com/bots)" "emeryjordan.com"
51.222.253.10 - - [09/Dec/2022:09:07:55 -0800] "GET /ytb/?C=S;O=D HTTP/1.1" 200 308 "-" "Mozilla/5.0 (compatible; AhrefsBot/7.0; +http://ahrefs.com/robot/)" "emeryjordan.com"
206.189.164.246 - - [09/Dec/2022:09:34:07 -0800] "GET /wp-login.php HTTP/1.1" 404 88 "http://emeryjordan.com/wp-login.php" "Mozilla/5.0 (Windows NT 10.0; Win64; x64; rv:96.0) Gecko/20100101 Firefox/96" "emeryjordan.com"
114.119.131.197 - - [09/Dec/2022:10:37:33 -0800] "GET /robots.txt HTTP/1.1" 404 88 "-" "Mozilla/5.0 (compatible;PetalBot;+https://webmaster.petalsearch.com/site/petalbot)" "emeryjordan.com"
51.222.253.17 - - [09/Dec/2022:11:48:23 -0800] "GET /?C=N;O=A HTTP/1.1" 200 343 "-" "Mozilla/5.0 (compatible; AhrefsBot/7.0; +http://ahrefs.com/robot/)" "emeryjordan.com"
66.249.66.132 - - [09/Dec/2022:11:53:33 -0800] "GET /robots.txt HTTP/1.1" 404 88 "-" "Mozilla/5.0 (compatible; Googlebot/2.1; +http://www.google.com/bot.html)" "emeryjordan.com"
66.249.66.134 - - [09/Dec/2022:11:53:33 -0800] "GET /about_us HTTP/1.1" 404 88 "-" "Mozilla/5.0 (compatible; Googlebot/2.1; +http://www.google.com/bot.html)" "emeryjordan.com"
194.38.20.161 - - [09/Dec/2022:12:34:21 -0800] "GET /elfinder/connectors/php/connector.php HTTP/1.1" 404 73 "-" "ALittle Client" "emeryjordan.com"
114.119.137.128 - - [09/Dec/2022:13:04:11 -0800] "GET /home HTTP/1.1" 301 1409 "http://emeryjordan.com/yahoo_site_admin/" "Mozilla/5.0 (Linux; Android 7.0;) AppleWebKit/537.36 (KHTML, like Gecko) Mobile Safari/537.36 (compatible; PetalBot;+https://webmaster.petalsearch.com/site/petalbot)" "emeryjordan.com"
114.119.137.128 - - [09/Dec/2022:13:04:25 -0800] "GET /home/ HTTP/1.1" 200 9630 "http://emeryjordan.com/yahoo_site_admin/" "Mozilla/5.0 (Linux; Android 7.0;) AppleWebKit/537.36 (KHTML, like Gecko) Mobile Safari/537.36 (compatible; PetalBot;+https://webmaster.petalsearch.com/site/petalbot)" "emeryjordan.com"
